1121 (base 3) in base 9?
-36047
What is -58b (base 16) in base 15?
-649
Convert -302102 (base 4) to base 7.
-12245
What is 15604 (base 7) in base 11?
3353
What is -1163 (base 8) in base 2?
-1001110011
What is -133114 (base 6) in base 10?
-12358
50424 (base 9) to base 10
33151
What is 424 (base 6) in base 8?
240
Convert -4301 (base 6) to base 2.
-1111001101
What is 4202 (base 13) in base 7?
35420
Convert 2943 (base 12) to base 2.
1001011000011
What is 7db (base 16) in base 6?
13151
What is 1000110010001 (base 2) in base 16?
1191
6686 (base 12) to base 16
2c46
Convert 1100110100110100 (base 2) to base 12.
26498
Convert 704 (base 15) to base 5.
22304
What is -15b0 (base 16) in base 2?
-1010110110000
-11d8 (base 15) to base 9
-5185
What is -12232 (base 4) in base 15?
-1da
What is 45c6 (base 16) in base 5?
1032422
Convert -8a4 (base 14) to base 11.
-1317
What is 1011220 (base 3) in base 15?
3c6
Convert 44e (base 15) to base 9.
1302
1d0 (base 16) to base 6
2052
Convert -10705 (base 11) to base 7.
-63112
What is 838 (base 12) in base 7?
3326
What is -a73 (base 16) in base 15?
-bd5
Convert c9 (base 14) to base 10.
177
211112 (base 3) to base 8
1140
Convert 7b (base 13) to base 3.
10210
Convert 184 (base 16) to base 9.
471
-1836 (base 9) to base 10
-1410
3336 (base 8) to base 10
1758
-23a9 (base 13) to base 12
-2b00
107570 (base 8) to base 3
1212101022
210 (base 4) to base 15
26
Convert -1076 (base 9) to base 16.
-31e
Convert -43045 (base 6) to base 4.
-1123211
Convert 1330 (base 5) to base 16.
d7
4870 (base 16) to base 15
5764
What is -214101 (base 5) in base 7?
-30402
-3211021 (base 4) to base 5
-432130
Convert -174 (base 16) to base 2.
-101110100
-20372 (base 8) to base 5
-232232
144321 (base 7) to base 12
14209
Convert 334 (base 7) to base 13.
103
25da (base 15) to base 7
32362
What is 137c (base 13) in base 3?
10211222
111021 (base 3) to base 7
1021
What is 11123 (base 4) in base 8?
533
What is -3523 (base 6) in base 8?
-1513
Convert -20012211 (base 4) to base 16.
-81a5
What is 202 (base 6) in base 12?
62
What is 102312 (base 4) in base 15?
556
Convert -104440 (base 5) to base 4.
-322201
b5 (base 14) to base 4
2133
Convert -105524 (base 6) to base 3.
-110102021
Convert -10010000111 (base 2) to base 10.
-1159
What is 139 (base 10) in base 14?
9d
What is -23000300 (base 4) in base 14?
-1261a
Convert 1647 (base 9) to base 2.
10011101010
Convert -707 (base 10) to base 5.
-10312
Convert a3a3 (base 13) to base 9.
34012
Convert 101001010110 (base 2) to base 11.
1a96
Convert 3544 (base 12) to base 3.
22011121
-103220 (base 4) to base 12
-888
What is -53254 (base 7) in base 11?
-9994
12e (base 15) to base 7
533
Convert 14553 (base 6) to base 12.
1459
Convert 13112201 (base 4) to base 3.
1112022022
What is -3851 (base 15) in base 16?
-2ee1
110010100 (base 2) to base 14
20c
Convert 162b (base 16) to base 8.
13053
7406 (base 10) to base 9
11138
-299b (base 12) to base 10
-4871
What is -24647 (base 9) in base 12?
-9707
b1 (base 12) to base 11
111
What is 1405 (base 7) in base 12?
394
Convert -76a (base 16) to base 15.
-868
Convert -d53 (base 14) to base 2.
-101000111101
c594 (base 15) to base 9
63254
Convert 11533 (base 6) to base 13.
a1a
387a (base 15) to base 14
4560
-31126 (base 7) to base 11
-57a3
1511 (base 7) to base 3
211002
What is 391 (base 11) in base 2?
111001111
Convert -1462a (base 11) to base 6.
-235535
What is -13204 (base 5) in base 10?
-1054
Convert -36105 (base 8) to base 2.
-11110001000101
-53 (base 10) to base 14
-3b
Convert -23320 (base 5) to base 14.
-8a2
What is 15124 (base 8) in base 13?
30b6
Convert 6801 (base 16) to base 5.
1323000
5276 (base 8) to base 11
2080
2d8 (base 15) to base 14
349
What is -30b9 (base 13) in base 9?
-10222
Convert 2a93 (base 11) to base 4.
332012
-20111 (base 3) to base 5
-1200
What is -2b6b (base 13) in base 14?
-2450
Convert 3009 (base 11) to base 2.
111110100010
Convert 326 (base 13) to base 8.
1033
What is -9344 (base 10) in base 6?
-111132
Convert a17 (base 16) to base 8.
5027
Convert 324004 (base 5) to base 16.
2b79
-3102330 (base 4) to base 3
-200112000
What is -1140 (base 6) in base 14?
-15a
Convert -1010111 (base 3) to base 8.
-1467
What is -915 (base 12) in base 3?
-1210122
What is 22303 (base 4) in base 11?
579
What is 4a12 (base 11) in base 3?
22222111
-399 (base 11) to base 16
-1d7
a3 (base 11) to base 16
71
29c9 (base 15) to base 6
105300
What is 1753 (base 11) in base 4?
202330
983 (base 12) to base 15
630
10353 (base 7) to base 8
5032
Convert 1686 (base 9) to base 13.
786
What is 3072 (base 12) in base 16?
1496
15022 (base 8) to base 13
3065
-9a (base 14) to base 8
-210
3c8 (base 14) to base 3
1001022
5045 (base 6) to base 14
593
-9df (base 16) to base 13
-11c5
-10001100010 (base 2) to base 6
-5110
What is 1464 (base 11) in base 8?
3535
Convert 201033 (base 4) to base 8.
4117
-10744 (base 8) to base 6
-33112
Convert 2b80 (base 13) to base 10.
6357
What is -8143 (base 11) in base 8?
-25100
16106 (base 10) to base 12
93a2
What is -28840 (base 10) in base 9?
-43504
3b0 (base 14) to base 10
742
What is -10504 (base 6) in base 14?
-77a
What is 1394 (base 10) in base 7?
4031
Convert -122 (base 9) to base 12.
-85
123 (base 9) to base 4
1212
101101101100 (base 2) to base 8
5554
Convert -249b (base 14) to base 9.
-8711
-221111 (base 3) to base 16
-2b0
-320003 (base 5) to base 12
-6198
What is 31033 (base 8) in base 12?
750b
What is -6544 (base 12) in base 15?
-347a
Convert -11310 (base 4) to base 14.
-1c8
-2022214 (base 5) to base 16
-8029
Convert 3024040 (base 5) to base 11.
33603
217e (base 15) to base 9
10652
Convert -2a1 (base 11) to base 12.
-255
-2201131 (base 5) to base 10
-37666
What is -344135 (base 7) in base 2?
-1111000000100000
What is -150250 (base 6) in base 16?
-3816
-4514 (base 14) to base 9
-17374
100000221 (base 3) to base 9
10027
Convert -14211 (base 5) to base 8.
-2235
Convert -1503 (base 7) to base 15.
-296
Convert 1602 (base 10) to base 4.
121002
-21020 (base 4) to base 3
-210122
-252 (base 14) to base 9
-565
3031 (base 10) to base 2
101111010111
-11200000 (base 3) to base 8
-6512
123210 (base 5) to base 6
34125
Convert -26458 (base 10) to base 6.
-322254
Convert 20201212 (base 3) to base 2.
1001100101110
-113332 (base 4) to base 6
-11034
Convert 1927 (base 10) to base 13.
b53
Convert 10e (base 15) to base 8.
357
31 (base 4) to base 2
1101
Convert 5908 (base 13) to base 16.
30e2
What is -a848 (base 12) in base 3?
-221100202
What is 2931 (base 10) in base 8?
5563
What is -22233 (base 9) in base 8?
-34664
11010001101 (base 2) to base 7
4614
What is -326 (base 15) in base 7?
-2034
What is 5dba (base 15) in base 12?
b687
-9278 (base 12) to base 8
-37074
What is -3311 (base 16) in base 3?
-122221012
What is 354212 (base 6) in base 16?
7820
240 (base 9) to base 11
170
Convert -1012 (base 6) to base 4.
-3200
88c (base 14) to base 15
77c
Convert -312 (base 9) to base 2.
-11111110
What is -1b9 (base 16) in base 13?
-27c
Convert 410 (base 14) to base 7.
2220
What is 21e6 (base 16) in base 5?
234203
What is 768 (base 13) in base 2?
10011110101
Convert 2011 (base 3) to base 6.
134
What is -102001102 (base 3) in base 13?
-388a
What is 3412 (base 7) in base 16?
4d2
Convert 320003 (base 4) to base 9.
4825
-11539 (base 12) to base 10
-23229
What is -274 (base 8) in base 15?
-c8
What is -332 (base 5) in base 10?
-92
Convert 13fb (base 16) to base 8.
11773
Convert -87a (base 13) to base 9.
-1884
What is -11ef (base 16) in base 7?
-16246
What is -12660 (base 7) in base 2?
-110101011111
-283 (base 15) to base 2
-1000111101
-330 (base 5) to base 10
-90
What is -5469 (base 15) in base 12?
-a416
Convert -6660 (base 9) to base 15.
-16c9
Convert 3001 (base 8) to base 15.
6c7
What is 1044 (base 7) in base 5?
3000
14ca (base 14) to base 2
111001111010
-2a5 (base 12) to base 4
-12131
257a (base 14) to base 12
3980
Convert -1214 (base 5) to base 10.
-184
Convert -186f (base 16) to base 6.
-44543
What is -10100122 (base 3) in base 9?
-3318
-13203 (base 5) to base 8
-2035
Convert -17a2 (base 13) to base 6.
-24132
What is -1160 (base 8) in base 7?
-1551
10376 (base 8) to base 12
2626
-4161 (base 9) to base 16
-bec
Convert -11011011111101 (base 2) to base 4.
-3123331
What is -f3 (base 16) in base 10?
-243
Wha